441 and 48783757.
4367
Calculate the greatest common divisor of 8217 and 3945986.
913
Calculate the highest common divisor of 62613958 and 13804.
986
Calculate the greatest common divisor of 3 and 6065790.
3
What is the highest common divisor of 6564089 and 49?
49
Calculate the highest common factor of 7273174 and 6202.
886
What is the greatest common divisor of 452511269 and 1909?
1909
What is the greatest common divisor of 12396740 and 1481468?
7676
Calculate the highest common divisor of 143 and 1547507.
13
What is the highest common divisor of 2460 and 6910188?
12
What is the highest common factor of 1394479 and 11?
1
Calculate the greatest common factor of 37987308 and 9576.
684
What is the highest common factor of 7849 and 384413?
47
What is the greatest common factor of 648 and 3362880?
24
Calculate the highest common divisor of 28733 and 493358.
59
Calculate the greatest common divisor of 108330 and 22720.
10
Calculate the greatest common divisor of 78188 and 27764.
44
Calculate the greatest common factor of 161 and 323009746.
23
What is the highest common factor of 387236964 and 2460?
492
What is the greatest common factor of 1127 and 71975533?
161
Calculate the highest common divisor of 453675594 and 348.
174
Calculate the highest common divisor of 78675268 and 1288.
28
What is the highest common factor of 120016 and 700960?
208
Calculate the highest common factor of 6480 and 278480.
80
What is the greatest common divisor of 73507720 and 71?
71
What is the highest common factor of 355 and 147580955?
355
Calculate the highest common factor of 26274 and 925593.
87
Calculate the highest common divisor of 2538 and 48916980.
54
What is the greatest common divisor of 425509 and 188146?
623
Calculate the greatest common divisor of 39540052 and 824.
412
What is the highest common divisor of 1836 and 141458904?
612
What is the greatest common divisor of 150706964 and 8?
4
Calculate the greatest common divisor of 1408077 and 55539.
3267
Calculate the greatest common divisor of 229320 and 1097551.
637
Calculate the highest common factor of 48766 and 42106.
74
What is the highest common factor of 1117 and 1370?
1
What is the highest common factor of 128 and 625888?
32
What is the greatest common divisor of 868309 and 19474?
13
Calculate the highest common divisor of 135 and 41315.
5
What is the highest common divisor of 2132560 and 1455210?
4370
What is the highest common factor of 3894548 and 1148?
28
What is the highest common divisor of 14306 and 13303958?
622
What is the greatest common factor of 2236 and 614172?
52
Calculate the highest common divisor of 286 and 23289058.
26
What is the highest common divisor of 8012 and 73664?
4
Calculate the highest common factor of 1604 and 319242917.
401
What is the greatest common factor of 102483 and 258813?
1737
What is the greatest common factor of 4944 and 222171?
309
What is the highest common divisor of 605 and 69782515?
605
What is the highest common divisor of 1920651 and 38922?
1497
Calculate the greatest common factor of 4446 and 885609.
171
Calculate the highest common divisor of 171 and 46774447.
19
Calculate the highest common factor of 4908 and 5854017.
1227
Calculate the highest common factor of 15424922 and 190.
38
What is the highest common divisor of 677 and 132643933?
677
What is the highest common factor of 5654246 and 208?
26
Calculate the greatest common factor of 506 and 13788247.
253
What is the highest common factor of 702 and 2436876?
234
What is the greatest common divisor of 84006 and 16809?
39
Calculate the greatest common factor of 51834888 and 2394.
2394
Calculate the greatest common factor of 144 and 86789592.
72
What is the highest common factor of 4989049 and 2600?
13
What is the highest common divisor of 512 and 289552?
16
Calculate the highest common factor of 550632 and 26752.
8
What is the greatest common divisor of 71240872 and 16?
8
Calculate the greatest common factor of 35 and 61737235.
35
Calculate the greatest common divisor of 30896377 and 959.
137
Calculate the highest common factor of 3660 and 7029030.
1830
What is the greatest common factor of 42091 and 94325?
49
What is the greatest common divisor of 262698175 and 447?
149
What is the highest common factor of 97358500 and 40?
20
What is the greatest common divisor of 2107 and 2599307?
43
What is the highest common divisor of 6319962 and 8496?
1062
What is the highest common factor of 2862 and 1727906?
106
Calculate the highest common factor of 3929826 and 7498.
46
What is the greatest common divisor of 2655575 and 525?
25
Calculate the highest common divisor of 7085294 and 102.
34
Calculate the greatest common factor of 292 and 6503643.
73
Calculate the greatest common divisor of 983194 and 18976.
1186
What is the greatest common divisor of 2280450 and 4554?
138
Calculate the greatest common divisor of 910 and 3337930.
10
What is the highest common divisor of 13 and 9753770?
13
Calculate the greatest common factor of 784 and 4398832.
16
Calculate the greatest common divisor of 1083762 and 12.
6
Calculate the highest common factor of 6604 and 6434582.
254
Calculate the highest common factor of 25931500 and 3585.
1195
Calculate the greatest common divisor of 487 and 1188429996.
487
Calculate the greatest common divisor of 3267 and 6412879.
121
What is the greatest common divisor of 2 and 365341862?
2
What is the greatest common factor of 36 and 808066?
2
What is the greatest common divisor of 39623878 and 7?
7
What is the greatest common factor of 187701 and 892403?
3293
Calculate the highest common factor of 1062 and 6337308.
354
Calculate the highest common divisor of 82715 and 229505.
1165
Calculate the highest common divisor of 1212 and 10038390.
606
What is the greatest common divisor of 5424 and 19036?
4
Calculate the highest common factor of 10106 and 3423.
163
What is the greatest common factor of 111188625 and 240?
15
Calculate the highest common factor of 177255 and 4680.
585
Calculate the greatest common factor of 105 and 15500856.
21
What is the highest common factor of 9 and 25677423?
9
What is the highest common factor of 875723204 and 4?
4
Calculate the highest common divisor of 76 and 15096811.
19
What is the greatest common divisor of 6625542 and 12?
6
Calculate the greatest common divisor of 75866 and 26455558.
10838
Calculate the greatest common divisor of 233663352 and 1248.
312
What is the highest common factor of 70604 and 11998964?
3716
What is the highest common factor of 84 and 8848441?
7
Calculate the highest common factor of 114 and 67907520.
114
Calculate the greatest common divisor of 372 and 67454574.
186
Calculate the greatest common factor of 2337230 and 13840.
1730
Calculate the greatest common divisor of 13487150 and 188.
2
What is the greatest common divisor of 183280 and 269410?
290
What is the greatest common factor of 3078 and 1013802?
114
Calculate the greatest common factor of 11420375 and 633.
211
Calculate the highest common factor of 7315 and 53475785.
1045
Calculate the highest common factor of 20121201 and 62.
31
Calculate the greatest common factor of 248 and 1819669.
31
What is the highest common factor of 99 and 34875027?
99
What is the greatest common divisor of 309600 and 10080?
1440
Calculate the highest common divisor of 12075 and 96779400.
1725
What is the highest common divisor of 59446 and 214?
2
What is the greatest common divisor of 1673977979 and 921?
307
What is the highest common factor of 500748075 and 435?
435
What is the highest common divisor of 350 and 2529342?
2
Calculate the highest common divisor of 6650243 and 23.
23
Calculate the highest common divisor of 205848 and 82512.
216
What is the highest common factor of 771 and 3184487?
257
What is the greatest common factor of 27 and 921715335?
27
What is the highest common divisor of 100 and 1641020?
20
What is the highest common factor of 2489217 and 19492?
443
What is the highest common factor of 77242 and 16522?
22
What is the highest common divisor of 4406206 and 6246?
694
What is the greatest common factor of 122 and 10289358?
122
Calculate the greatest common factor of 83134 and 47897.
211
What is the highest common factor of 1290 and 36690?
30
Calculate the highest common divisor 